2. Let i(d) be the first derivative of k(d). What is i(-5)?
-2
Let a be 695/(-834) + (-35)/(-6). Let n(o) = 3*o**2 + 6*o + 1. Let j(q) = q**2 + q - 1. Let p(d) = -4*j(d) + n(d). Calculate p(a).
-10
Suppose 7*s + 4 - 11 = 0. Let l be (-2)/(-10) - 1/5. Suppose l = -q - s - 5. Let a(d) = d**3 + 6*d**2 + 2*d - 1. Give a(q).
-13
Suppose 158*d - 160*d + 6 = 0. Let b(o) be the third derivative of 2*o**2 - 1/2*o**d + 0 + 0*o + 1/24*o**4 + 1/60*o**5. Calculate b(-3).
3
Let v(a) = a**2 + 3*a + 6. Let k be v(-4). Let r be k - -3*(-2 - -1). Let f(x) = r*x + 2 - 5*x + 0*x. Calculate f(-3).
-4
Let l(c) = c**3 + 772 - 15*c - 260 - 250 - 14*c**2 - 246. Give l(15).
16
Suppose -3*h - 5*r = -36, 2*h - 9 = -h + 4*r. Suppose -4*j = -a - 0*a - 13, -a = -5*j + 16. Let x(z) = -3*z**2 + z**j - h + 3 + 5. Give x(3).
1
Let l(b) = b**2 - 8*b + 6. Let w(j) = -j**3 + 8*j**2 + 8*j + 5. Let p be w(9). Let c be 8 - (p - (-35)/5). What is l(c)?
-9
Let m(r) = -r**2 - r. Let h be (-6)/(-15) + 43/5. Let z(n) = -n**2 + 2*n + 3. Let x be z(8). Let y be (15/x)/(1/h). What is m(y)?
-6
Let z be (-36)/(-84) - 1 - (-64)/14. Let h(s) = -5*s + 1. Let w be (-1)/(-3) - (-44)/(-6). Let t(d) = -11*d + 3. Let g(l) = w*h(l) + 3*t(l). Determine g(z).
10
Let w(f) be the first derivative of 1/2*f**2 - 13 + 5*f. Let b be 2/(3 + 46/(-14)). Calculate w(b).
-2
Let l(i) be the second derivative of i**5/20 + 2*i**4/3 - 5*i**3/3 + 5*i**2/2 + 3*i - 9. Calculate l(-9).
14
Let c(z) be the first derivative of 2*z + 2 - 2*z**2 + 32 + 20 - 16. Determine c(-1).
6
Let x(q) = 11*q**3 + 23*q**2 + 13*q + 27. Let a(f) = -5*f**3 - 11*f**2 - 6*f - 13. Let p(r) = -13*a(r) - 6*x(r). Let j = -1187 - -1192. Calculate p(j).
7
Let d(r) = 2*r - 9. Let p be d(11). Suppose p = -6*w + 25. Let n(s) = 3*s**2 - s - 1. Determine n(w).
9
Let h(n) = n**2 + 6*n + 3. Let c be (-1978)/387 + 1/9. Calculate h(c).
-2
Let d(h) be the first derivative of -3*h**2 - 13*h + 293. Determine d(-2).
-1
Let a(i) = i + 3. Let b be (-12)/((-3)/(-2)*-1). Suppose 5*k + 69 = -3*l, -4*l - 124 = 4*k - b*k. Let w be ((-10)/(-20))/(2/l). Determine a(w).
-4
Let k(i) = -5*i**3 + i**2 - i - 3. Let o(b) be the first derivative of 7*b**4/2 - b**3 + b**2 + 8*b - 20. Let g(j) = 11*k(j) + 4*o(j). What is g(3)?
8
Let y(u) = 28*u + 20*u - 49*u - u**2 + 6. Determine y(0).
6
Let w(s) = 3*s**2 - 6*s + 4. Let x(v) = -4*v**2 + 9*v - 6. Let o(l) = 7*w(l) + 5*x(l). Determine o(2).
8
Let p(z) = -3*z + 1. Let h be (61 - 25)/(6/(-4)). Let m = -21 - h. Determine p(m).
-8
Let s be 2/(4/14) + -1. Let b(o) be the third derivative of -1/120*o**s + 0 + 0*o - 7/60*o**5 - 1/6*o**4 - o**2 + 5/6*o**3. Give b(-6).
-7
Let v(q) = q**3 - 5*q**2 - 6*q - 4. Suppose 8*r - 2 = 46. Give v(r).
-4
Let t(f) = -5*f**2 - 5*f - 4. Let b(r) = 3*r**2 + 3*r + 2. Let m(w) = 7*b(w) + 4*t(w). Let o(p) = 2*p + 6. Let s = -18 + 16. Let n be o(s). Give m(n).
4
Let p(u) = -u + 2. Let r be (-62)/16 + 2/(-16). Determine p(r).
6
Let z(y) = -y**2 - 4*y - 2. Let w be 4/(-6)*(-3 - (42 - -3)). Suppose 4*n - 2*l + 8 = -6*l, 4*n - 4*l = -w. Calculate z(n).
-7
Let c(o) = o**2 + 5*o. Suppose 0 = 4*j + j - 20. Suppose 24 = -d + 4*q, -j*q = -2*d - 0*q - 28. What is c(d)?
-4
Let g(p) = -24*p**2 + 25*p**2 - 18*p**3 + 109*p - 109*p. What is g(-1)?
19
Let x(r) = 4*r**3 - r**2 - r - 3. Let h(y) = 9*y**3 - 3*y**2 - 2*y - 7. Let l(o) = 3*h(o) - 7*x(o). Give l(-3).
6
Let y(p) = 21 - 16*p**2 - 19 - p + 15*p**2. Determine y(3).
-10
Let h(b) = 8 + 3 - 34 - 88*b + 14 + 10. Give h(-1).
89
Let h(r) be the second derivative of -2*r**3/3 + 3*r**2/2 - 232*r. What is h(3)?
-9
Let s(o) = 2*o - 2. Suppose -3*i + z = -6, -3*i = i + 3*z + 5. Suppose -m = 2*x - i, 0 = x - 0*m - m - 8. Give s(x).
4
Let y(g) = g**2 + 7*g + 3. Let h be 1/(-6) - 2321/(-66). Suppose -10*k + 5*k = h. Let v = k - 0. Give y(v).
3
Let y(x) = x**2 - 2*x + 2. Let g(b) = -2*b**2 + 5*b - 2. Let t(s) = -4*g(s) - 7*y(s). Determine t(7).
1
Let g(z) = 2*z**2 - 7*z + 1. Let p(a) = a**2 + a - 1. Let d(b) = -g(b) - 2*p(b). Let n(k) = -3*k**2 + 6*k + 2. Let j(q) = 4*d(q) - 5*n(q). What is j(-10)?
-6
Let k(s) = -2*s - 2. Suppose 2*d + c - 4*c = 5, 4*d - 2*c - 22 = 0. Determine k(d).
-16
Suppose s + t = 3, 0 = -s - 4*t - 3 + 15. Let j(h) = s*h - 2068 - h + 2066. Determine j(-3).
1
Suppose -2 = -5*v + 38. Let d(k) be the first derivative of -k**2/2 + 2*k - 174. Give d(v).
-6
Let d(u) = 2*u**3 - 1 + u - 3*u**3 + 2*u**3. Let k = -81 + 85. Suppose 5*b - b + 8 = k*q, -4*b = -q - 1. Calculate d(b).
1
Let g(c) = -4*c - 13. Let d = -144 + 138. Let f(y) be the first derivative of y**2 + 7*y - 1. Let z(r) = d*g(r) - 11*f(r). Determine z(1).
3
Let b(t) = -t**2 + 2*t - 2. Suppose -12*c + 92 = 128. Give b(c).
-17
Let q(a) be the third derivative of a**5/60 + a**4/6 + a**3/3 + 15*a**2. Let h be (3/(-9))/((-2)/18). Let d be (-8)/1 - -1*h. Give q(d).
7
Let k(y) = 13*y**3 + y**2 + y + 1. Let r be ((-285)/190)/(6/4). Determine k(r).
-12
Let y be 12/8*12/(-18). Let c(o) be the third derivative of 1/6*o**3 + 0 + 0*o + 1/24*o**4 + o**2. What is c(y)?
0
Let t(v) = 7*v**3 - 18*v**2 - 10*v + 2. Let d(h) = -h**3 + 3*h**2 + h. Let x(k) = -6*d(k) - t(k). Give x(3).
-17
Let g(a) = -2*a + 5. Let u(k) = k**3 - 6*k**2 - 6*k - 3. Let m be u(7). Suppose 0 = -0*x + x + m*d - 18, 2*x = -3*d + 21. Calculate g(x).
-7
Let g(w) be the first derivative of w**2/2 + 3*w - 1. Suppose 8*j = 17*j - 6*j. Suppose 5*m - 7 = -2*p, j = 4*p - p - 2*m + 18. Calculate g(p).
-1
Suppose -2*f = 5 - 9. Let t(u) = f*u**3 + 8*u + 8 - 12 - 3*u**3 + 3*u**2 + 2*u**2. What is t(6)?
8
Let z(s) = -4*s**2 + s**2 + 6 - 6*s - 3*s**2 + 7*s**2. What is z(8)?
22
Let r(m) be the first derivative of -3*m**2/2 + 16*m + 109. Give r(7).
-5
Let l(p) = -2*p**2 - 3*p. Let q be (10/10)/((-2)/6). What is l(q)?
-9
Suppose 3*z + 5 = -37. Let t(c) = -c**3 - 22*c**2 - 19*c + 31. Let s be t(-21). Let u = s - z. Let b(i) = i**2 - 3*i + 3. Give b(u).
3
Let o(m) = 2 + 5*m**2 + 2 - m**2 + 4*m**2 - 2*m**2. What is o(2)?
28
Let r(i) = -7 - 9 - 2*i + 31 - 16. What is r(-5)?
9
Let z(u) = -4*u**2 + 3*u**2 - 13 + 0*u**2 - 9*u. Let d be z(-7). Let y be -3 + d*(-2 - -3). Let j(w) = -2*w**3 + 4*w + 3. What is j(y)?
11
Let d(f) = f + f**2 + 5*f**2 + 4*f**2 + 1 + f**2 - 6*f**2 - f**3. Calculate d(5).
6
Let i(o) be the third derivative of -23*o**2 + 0 + 0*o - o**3 - 1/60*o**5 + 1/4*o**4. Give i(5).
-1
Let m(a) be the first derivative of a**5/20 - a**4/6 + a**3/3 - a**2/2 - 7*a + 8. Let u(q) be the first derivative of m(q). Give u(1).
0
Let p = -104 + 121. Suppose -11*d = 6*d - p. Let o(i) = 10*i - 1. What is o(d)?
9
Suppose -3*q - 5*t + 18 + 28 = 0, -t - 2 = -q. Let f(z) = -z**3 + 5 + 1 - q*z - z**3 + 5*z**2 + z**3. What is f(4)?
-6
Let g(n) = -n + 1. Let z = 17 - 13. Suppose -20 = -4*s + 2*s. Suppose 0 = -3*o - 5*h + 40, -o + z*h = o + s. What is g(o)?
-4
Let v(y) = y**2 - 5. Suppose 5*i = -2*h + 4*h + 25, 2*h - 20 = -4*i. Calculate v(i).
20
Let w(v) = -v**3 - 2*v**2 - v - 3. Let j(a) = 2*a**2 + 20*a + 6. Let i be j(-10). Suppose i = -2*m - 3*x - 0*x, -3*m + 2*x - 9 = 0. Determine w(m).
9
Let i be 5/(-40)*-4*0. Let y(j) = -2*j**3 + 7*j + 21. Let n(m) = -m**3 + 4*m + 11. Let u(w) = -7*n(w) + 4*y(w). Determine u(i).
7
Suppose -4*c + 24 = -7*c. Let l(g) = g**2 + 4 + 2 + 0 + 10*g - 2. What is l(c)?
-12
Let r = 8 + -4. Let v(z) = -48*z - 57*z + 161*z - 4 - 55*z. Give v(r).
0
Let d(p) be the second derivative of p**5/20 + p**3/6 - 15*p**2 - 119*p. Determine d(0).
-30
Let a = 8 - 9. Let o be a/((-20)/6 - -3). Let q(n) = 3*n - 7*n - 1 + o*n. Calculate q(-1).
0
Let p(k) = k**2 - 4*k + 4. Let m be p(3). Let j be 12/(10/(-4) + 4). Suppose -g - m = 0, 5*h + j*g + 5 = 3*g. Let i(z) = z**3 + z**2 + z - 2. Give i(h).
-2
Let v(m) be the second derivative of 1/24*m**4 + 0 - 1/60*m**5 - m**2 - 3*m + 7/3*m**3. Let g(d) be the first derivative of v(d). Give g(0).
14
Let c(v) = 2*v**3 - 5*v**2 + 3*v. Let x be c(2). Let b(d) = -d**2 - d. Let n(i) = i**2 + 2*i - 6. Let u(p) = x*b(p) + n(p). Give u(0).
-6
Let b(w) = 9 + 3*w - 2*w + 2*w - 2*w. What is b(-8)?
1
Let i(a) be the first derivative of -a**4/4 + 2*a**3/3 + a**2 + a + 8. Let y(f) = f**3 - 3*f**2 - 2*f - 1. Let v(r) = 3*i(r) + 2*y(r). Determine v(-2).
5
Let d = -70 + 65. Let m(x) = -x**2 - 4*x + 3. Calculate m(d).
-2
Let u(j) = 9*j - 9. Let f = 27